prime factors of 76?
2, 19
List the prime factors of 3313.
3313
List the prime factors of 36800.
2, 5, 23
List the prime factors of 132.
2, 3, 11
List the prime factors of 39762.
2, 3, 47
What are the prime factors of 11527?
11527
What are the prime factors of 170?
2, 5, 17
List the prime factors of 845.
5, 13
List the prime factors of 19258.
2, 9629
What are the prime factors of 1271?
31, 41
What are the prime factors of 59436?
2, 3, 13, 127
What are the prime factors of 92216?
2, 11527
List the prime factors of 412.
2, 103
List the prime factors of 12785.
5, 2557
What are the prime factors of 1227?
3, 409
List the prime factors of 17544.
2, 3, 17, 43
List the prime factors of 2673.
3, 11
List the prime factors of 1913.
1913
List the prime factors of 64639.
37, 1747
What are the prime factors of 98961?
3, 32987
What are the prime factors of 3463?
3463
List the prime factors of 2235.
3, 5, 149
What are the prime factors of 17890?
2, 5, 1789
What are the prime factors of 7880?
2, 5, 197
List the prime factors of 13065.
3, 5, 13, 67
List the prime factors of 803.
11, 73
List the prime factors of 13519.
11, 1229
List the prime factors of 1091.
1091
What are the prime factors of 130125?
3, 5, 347
What are the prime factors of 14303?
14303
What are the prime factors of 30963?
3, 10321
What are the prime factors of 24558?
2, 3, 4093
What are the prime factors of 46639?
46639
List the prime factors of 6461.
7, 13, 71
What are the prime factors of 87757?
127, 691
List the prime factors of 669.
3, 223
List the prime factors of 1563.
3, 521
List the prime factors of 8273.
8273
What are the prime factors of 21220?
2, 5, 1061
What are the prime factors of 10356?
2, 3, 863
What are the prime factors of 52483?
31, 1693
List the prime factors of 1436.
2, 359
What are the prime factors of 1544?
2, 193
List the prime factors of 8413.
47, 179
What are the prime factors of 39999?
3, 67, 199
List the prime factors of 49146.
2, 3, 8191
List the prime factors of 14706.
2, 3, 19, 43
What are the prime factors of 1313?
13, 101
List the prime factors of 16995.
3, 5, 11, 103
List the prime factors of 15151.
109, 139
List the prime factors of 645.
3, 5, 43
List the prime factors of 153838.
2, 76919
List the prime factors of 34951.
7, 4993
List the prime factors of 656.
2, 41
List the prime factors of 21107.
21107
List the prime factors of 18641.
7, 2663
What are the prime factors of 4991?
7, 23, 31
List the prime factors of 831.
3, 277
What are the prime factors of 18507?
3, 31, 199
List the prime factors of 7972.
2, 1993
List the prime factors of 1343.
17, 79
List the prime factors of 724.
2, 181
List the prime factors of 18913.
18913
List the prime factors of 11340.
2, 3, 5, 7
List the prime factors of 251.
251
What are the prime factors of 1163?
1163
List the prime factors of 10843.
7, 1549
List the prime factors of 1025.
5, 41
What are the prime factors of 168?
2, 3, 7
List the prime factors of 815.
5, 163
List the prime factors of 2955.
3, 5, 197
List the prime factors of 1262.
2, 631
List the prime factors of 296.
2, 37
What are the prime factors of 53781?
3, 7, 13, 197
What are the prime factors of 1040?
2, 5, 13
What are the prime factors of 7586?
2, 3793
What are the prime factors of 6503?
7, 929
What are the prime factors of 71562?
2, 3, 11927
What are the prime factors of 20479?
20479
What are the prime factors of 79832?
2, 17, 587
What are the prime factors of 4555?
5, 911
What are the prime factors of 19166?
2, 7, 37
List the prime factors of 4107.
3, 37
What are the prime factors of 1640?
2, 5, 41
List the prime factors of 690.
2, 3, 5, 23
What are the prime factors of 2041?
13, 157
What are the prime factors of 1103?
1103
What are the prime factors of 21250?
2, 5, 17
List the prime factors of 8850.
2, 3, 5, 59
What are the prime factors of 72969?
3, 13, 1871
What are the prime factors of 1953?
3, 7, 31
List the prime factors of 3735.
3, 5, 83
List the prime factors of 1279.
1279
List the prime factors of 54980.
2, 5, 2749
What are the prime factors of 36013?
36013
What are the prime factors of 243?
3
List the prime factors of 690.
2, 3, 5, 23
List the prime factors of 12757.
12757
What are the prime factors of 56613?
3, 113, 167
List the prime factors of 1456.
2, 7, 13
List the prime factors of 56799.
3, 6311
List the prime factors of 564.
2, 3, 47
What are the prime factors of 1358?
2, 7, 97
List the prime factors of 2097.
3, 233
What are the prime factors of 3983?
7, 569
What are the prime factors of 2768?
2, 173
List the prime factors of 9757.
11, 887
What are the prime factors of 12924?
2, 3, 359
List the prime factors of 18423.
3, 23, 89
List the prime factors of 93117.
3, 31039
What are the prime factors of 16776?
2, 3, 233
What are the prime factors of 12177?
3, 11, 41
What are the prime factors of 22491?
3, 7, 17
What are the prime factors of 11432?
2, 1429
What are the prime factors of 10160?
2, 5, 127
List the prime factors of 4238.
2, 13, 163
List the prime factors of 14056.
2, 7, 251
What are the prime factors of 90451?
29, 3119
What are the prime factors of 17788?
2, 4447
What are the prime factors of 19435?
5, 13, 23
What are the prime factors of 495?
3, 5, 11
What are the prime factors of 29045?
5, 37, 157
List the prime factors of 146.
2, 73
What are the prime factors of 2883?
3, 31
List the prime factors of 962.
2, 13, 37
What are the prime factors of 14914?
2, 7457
What are the prime factors of 8126?
2, 17, 239
What are the prime factors of 906?
2, 3, 151
List the prime factors of 3841.
23, 167
List the prime factors of 7125.
3, 5, 19
What are the prime factors of 10823?
79, 137
List the prime factors of 85717.
85717
What are the prime factors of 10337?
10337
What are the prime factors of 1381?
1381
What are the prime factors of 108627?
3, 36209
What are the prime factors of 59?
59
List the prime factors of 115648.
2, 13, 139
List the prime factors of 3.
3
List the prime factors of 115142.
2, 57571
What are the prime factors of 88?
2, 11
What are the prime factors of 225?
3, 5
What are the prime factors of 596?
2, 149
What are the prime factors of 460?
2, 5, 23
List the prime factors of 349.
349
List the prime factors of 7367.
53, 139
What are the prime factors of 267?
3, 89
What are the prime factors of 23479?
53, 443
What are the prime factors of 23?
23
List the prime factors of 12838.
2, 7, 131
What are the prime factors of 15032?
2, 1879
What are the prime factors of 15826?
2, 41, 193
What are the prime factors of 1647?
3, 61
List the prime factors of 622.
2, 311
List the prime factors of 610.
2, 5, 61
List the prime factors of 626.
2, 313
List the prime factors of 26163.
3, 17, 19
List the prime factors of 1188.
2, 3, 11
What are the prime factors of 99099?
3, 7, 11, 13
List the prime factors of 230.
2, 5, 23
What are the prime factors of 44408?
2, 7, 13, 61
List the prime factors of 32635.
5, 61, 107
List the prime factors of 8336.
2, 521
What are the prime factors of 2419?
41, 59
What are the prime factors of 878?
2, 439
List the prime factors of 16265.
5, 3253
What are the prime factors of 10610?
2, 5, 1061
What are the prime factors of 16392?
2, 3, 683
What are the prime factors of 11578?
2, 7, 827
List the prime factors of 1272.
2, 3, 53
List the prime factors of 13195.
5, 7, 13, 29
List the prime factors of 2961.
3, 7, 47
List the prime factors of 558.
2, 3, 31
List the prime factors of 9954.
2, 3, 7, 79
What are the prime factors of 129291?
3, 71, 607
What are the prime factors of 78533?
7, 13, 863
List the prime factors of 9370.
2, 5, 937
List the prime factors of 3557.
3557
What are the prime factors of 75884?
2, 61, 311
List the prime factors of 79.
79
List the prime factors of 37561.
37561
List the prime factors of 30560.
2, 5, 191
What are the prime factors of 42148?
2, 41, 257
What are the prime factors of 6224?
2, 389
List the prime factors of 323.
17, 19
What are the prime factors of 1778?
2, 7, 127
List the prime factors of 1960.
2, 5, 7
List the prime factors of 111681.
3, 12409
What are the prime factors of 10878?
2, 3, 7, 37
What are the prime factors of 7820?
2, 5, 17, 23
List the prime factors of 122654.
2, 7, 8761
What are the prime factors of 19648?
2, 307
List the prime factors of 971.
971
List the prime